. Let s be z(7). Calculate the highest common factor of s and 76.
19
Let t = -3 + 6. Let w = -5 + t. Let x be -9*((4 - 3) + w). Calculate the greatest common divisor of 27 and x.
9
Let f(u) = -u**2 + 9*u - 10. Let d be f(5). Calculate the greatest common factor of d and 20.
10
Let o = 19 - 24. Let a = 7 - o. Suppose -5 = -u - 1. Calculate the highest common divisor of a and u.
4
Let z(o) = o**3 - 7*o**2 - 6*o + 5. Let x be z(8). Let d = x - 11. What is the greatest common divisor of 4 and d?
2
Suppose -4*q - 5*y - 48 = 0, 42 = -4*q - 3*y - 6. Let w = q - -20. Calculate the highest common factor of 24 and w.
8
Let q be (-1 - (0 + -3)) + 1. Suppose -q*h - h = -8. Suppose h*s = -s + 39. Calculate the greatest common factor of 65 and s.
13
Let z be ((-2)/4)/((-1)/2). Calculate the highest common divisor of z and 1.
1
Let u(q) = 6*q**2 - q - 15. Let g be u(-5). Calculate the greatest common factor of g and 28.
28
Suppose 0*s = -2*s + 6. Let m(b) = 8 + 19 - b**s + b - 7. Let y be m(0). What is the highest common factor of y and 2?
2
Let d(q) = 2*q - 7. Let h(l) = -l + 3. Let c(p) = 4*d(p) + 9*h(p). Let x be c(-2). Calculate the highest common factor of x and 1.
1
Suppose 5*p = 7*p - 12. Calculate the highest common divisor of p and 12.
6
Suppose 30 = -4*x - 2*y, -4*x - 6*y + y - 21 = 0. Let k = x + 17. Calculate the greatest common factor of k and 20.
4
Let p(z) = -4*z**2 + 98*z**2 + 18*z**2 + 7*z**2. Let j be p(-1). Calculate the highest common factor of j and 17.
17
Let t = -5 + 9. Suppose t*f + 2*w - 90 = 0, w + 51 + 79 = 5*f. Let v be (4 + (-9)/2)/((-2)/20). Calculate the greatest common factor of v and f.
5
Let t = 24 - 16. Let k(i) = t + 0*i - 2 + 2*i. Let n be k(9). Calculate the greatest common factor of n and 60.
12
Let d = 28 + -6. Let p(x) = -2*x - 2. Let h be p(4). Let v be (6/h)/(2/(-110)). What is the greatest common factor of v and d?
11
Let c be (-56)/10*25/(-2). What is the greatest common factor of 10 and c?
10
Let x(t) = t**3 + 6*t**2 + 7*t + 7. Let h be x(-5). Let m be h/(-2 - 1)*16. Calculate the greatest common factor of 48 and m.
16
Suppose 0 = -4*k + 14 + 6. Let j be k*(2/(-2) - -2). Calculate the greatest common divisor of 35 and j.
5
Suppose -13 = -5*h + 3*l + 20, h + 7 = 4*l. What is the greatest common divisor of h and 1?
1
Let n be (6/12)/((-2)/(-88)). Let d be (-224)/(-22) + (-4)/n. Suppose f = 6 + d. Calculate the greatest common factor of 64 and f.
16
Suppose 37 = 5*t + u + 2*u, -4*t = u - 31. What is the highest common divisor of 20 and t?
4
Suppose -4*h = -h. Suppose h = -w - 5*w + 252. Calculate the highest common factor of 6 and w.
6
Let x(b) = b**3 + 6*b**2 + 3*b - 2. Let k be x(-5). What is the highest common divisor of k and 4?
4
Suppose m - 7 = 4. Let s(b) = b - 6. Let q be s(7). Calculate the highest common divisor of m and q.
1
Let a be (-594)/8 + (-1)/(-4). Let t = 165 + a. Let x be (-8)/52 - (-855)/65. What is the greatest common factor of x and t?
13
Let t(w) be the third derivative of w**5/30 + 7*w**4/24 - w**3/3 + 7*w**2. Let j be t(-8). Calculate the greatest common factor of 14 and j.
14
Let j = 8 + 8. What is the highest common factor of j and 2?
2
Suppose -o = -2*n + 817, -3*o - 2043 = n - 6*n. Suppose -135 + n = 3*a. Let p = a - 51. Calculate the greatest common divisor of p and 16.
8
Let k(b) = 9*b**3 - b**2 - 3*b. Let x be k(3). What is the greatest common factor of x and 25?
25
Suppose -4*u + 0*u + 16 = 2*o, 5*o = 3*u + 14. What is the highest common factor of 6 and u?
2
Suppose -16*y = -19*y + 264. Calculate the highest common factor of y and 11.
11
Let f = 37 + -25. Calculate the greatest common factor of 36 and f.
12
Suppose q + 10 = 5*g, -3*g - 4*q = g - 8. Suppose -n - g = -4. Suppose 2*d + n*d + 67 = 5*a, 0 = -5*a - d + 52. What is the highest common factor of a and 1?
1
Suppose 135 = 3*h + 18. Let i = -27 - -72. Suppose -3*a + h + i = 0. Calculate the greatest common divisor of a and 4.
4
Let i be 26 - (0 + -1 + 2). Let o(r) = 8*r**2 + 2*r - 2. Let m be o(3). Suppose i - m = -3*z. What is the highest common factor of z and 119?
17
Suppose 5*i = 3*d + 38, 4*d - 2*i + 11 + 21 = 0. Let h be d/(-1 - -3) - 7. Let o = 45 + h. What is the greatest common factor of 7 and o?
7
Suppose y = -s + 93, 4*s - 102 = 3*y - 4*y. Suppose -q + 39 + y = 0. Let j = q - 30. Calculate the highest common divisor of 11 and j.
11
Let t = 53 - -376. Calculate the greatest common divisor of t and 33.
33
Let w(z) = z**3 - 3*z**2 + 3*z - 4. Let i be w(3). Calculate the highest common divisor of 2 and i.
1
Suppose -3*w = 2*w - 25. Suppose 4*g + 3*k - w = 6*k, 0 = g - k - 1. What is the highest common factor of g and 6?
2
Let n(q) = -2*q - 2. Let f be n(-2). Suppose f*s - 5 + 1 = 0. Suppose -23 = -2*x + 5*t - 2*t, -3*t = s*x - 17. Calculate the greatest common factor of x and 50.
10
Suppose 8*a + 18 = 114. Suppose 3*j - 3*r = 7*j - 9, 3*j + 5*r - 4 = 0. What is the greatest common divisor of j and a?
3
Let x(s) = -6*s + 1. Let r be x(-2). Suppose -z = 3*z - 104. What is the greatest common factor of z and r?
13
Let o(w) = -6*w - 2. Let d be o(-3). Let t = d + -10. Calculate the greatest common divisor of t and 18.
6
Suppose -2*h + 84 = 28. What is the highest common factor of 56 and h?
28
Let k(c) = c**2 + 7*c - 5. Let g be k(-8). Let m = -3 - -6. What is the highest common divisor of g and m?
3
Let o(a) = a + 7. Suppose -10 = -2*t + 16. Let q be o(t). Calculate the highest common divisor of q and 20.
20
Let s be 9/6*(-16)/(-6). Let z be s/(-6) + 77/3. Let h be (-2)/(-3) - (-28)/3. What is the greatest common divisor of h and z?
5
Suppose 0 = -5*n - 12 + 2. Let o be (-1 - n)/(5/(-30)). Let p be 43 - 9/(o/(-2)). Calculate the greatest common factor of p and 16.
8
Let h be 15 + (6/3)/1. Calculate the highest common divisor of h and 85.
17
Let h be 2/(-5) + 24/10. Suppose -z = 3*z - 72. Calculate the highest common divisor of z and h.
2
Let t(g) = -276*g - 3. Let a be t(-2). Suppose -3*r + 4*q + 326 = -0*r, -a = -5*r + q. Calculate the greatest common divisor of 10 and r.
10
Let h be -60*(-2 + (-4)/(-3)). Calculate the highest common divisor of 5 and h.
5
Let c = -1 - -3. Suppose -q - 22 = -c*q. Calculate the greatest common divisor of q and 11.
11
Suppose -s + 299 = 2*u, 2*s + 160 = 2*u - 130. Calculate the highest common factor of u and 37.
37
Suppose 0*b + b = 3. Suppose -5*v = 4*n - 19, -b*n - 1 - 46 = -5*v. Calculate the highest common divisor of 1 and v.
1
Let q(k) = -12*k**2 - 1. Let g be q(-3). Suppose 3*z - 868 = -4*c, 5*c = -0*z + 3*z + 1058. Let u = c + g. Calculate the highest common factor of 21 and u.
21
Let z = -12 - -24. Calculate the greatest common factor of 30 and z.
6
Suppose 3*n + 0 - 6 = 0. Let k(r) = -r**2 + r - 1. Let a be k(1). Let u be a - (3*n)/(-2). Calculate the greatest common factor of u and 4.
2
Let m = 8 - 1. Calculate the highest common divisor of 7 and m.
7
Let b(h) = 3*h - 8. Let d be b(5). What is the highest common divisor of 63 and d?
7
Suppose -3*r = -8 - 25. Let x be 2/(0 - 4/(-154)). Calculate the greatest common divisor of r and x.
11
Let o(z) = z**2 - 5*z. Let a be o(-4). Calculate the highest common divisor of a and 4.
4
Let d(x) = 2*x**2 - 9*x + 4*x - x**2 + x. Suppose -6*f + 24 = -2*f. Let p be d(f). What is the highest common factor of p and 4?
4
Let g(q) = -q**2 + 12. Let a be g(0). Suppose -3*z + 93 = -4*m - 51, -4*m - a = 0. Suppose -2*h + 36 + z = 0. Calculate the highest common divisor of 10 and h.
10
Suppose -8 = -k + 10. Calculate the highest common divisor of 45 and k.
9
Let x be (-36)/(-28) + (-2)/7. Let h = x - -3. What is the highest common factor of h and 4?
4
Let s = -4 - -6. Let r(h) = 10*h. Let z be r(s). Let j be 9 + (0 - 0 - -1). What is the highest common factor of z and j?
10
Suppose -13*c + 344 = -176. Suppose 40 = -0*r + 5*r. Calculate the highest common factor of c and r.
8
Suppose 3*t = 5*h + 20, -3*t - 3*h + 25 = -7*h. What is the greatest common factor of t and 5?
5
Let f = -364 + 624. Calculate the highest common divisor of f and 104.
52
Suppose -2*m + q = -9, 4*m - 2*m + 11 = -3*q. Let p be -1*(-18 + 1) - 1. Calculate the greatest common divisor of m and p.
2
Let u(g) = -22*g + 6. Let h be u(-3). What is the highest common divisor of 18 and h?
1